 -16*y - 9. Let d be j(-1). Suppose -20*i + d*i = -182. Calculate the greatest common divisor of i and 434.
14
Let s(r) = 2*r**3 - 13*r**2 - 7*r + 19. Let b be s(7). What is the highest common factor of b and 1501?
19
Let v(s) = s**2 - 55*s + 304. Let h be v(0). Calculate the highest common divisor of 20 and h.
4
Let f(h) = -64*h - 184. Let v be f(-3). Let d(q) = -3*q**2 + q**3 - 6*q**2 + 9*q + 0*q**2 - 1. Let l be d(v). Calculate the greatest common divisor of 14 and l.
7
Suppose 2*u = -4 + 6. Let n(v) = -19*v + 9. Let r be n(13). Let g be (-2114)/r + 4/34. Calculate the highest common divisor of g and u.
1
Suppose 0 = -s + 6 + 2. Let i = -7996 - -8212. What is the greatest common divisor of s and i?
8
Let o be 5 - 9491/((-1)/((-4 + 10)/6)). What is the greatest common divisor of o and 8?
8
Let v(n) = 87*n + 720. Let r be v(-4). What is the highest common factor of 60 and r?
12
Let w(h) = h**3 - 50*h**2 + 369*h + 55. Let m be w(41). What is the highest common divisor of 5995 and m?
55
Let m(i) = -10*i - 353. Let v be m(-47). Calculate the highest common factor of v and 26.
13
Suppose -16401 = -26*l - 7*l. What is the highest common factor of 7 and l?
7
Suppose 72 = -0*i + 4*i. Suppose -i*s + 12*s + 54 = 0. Calculate the highest common factor of s and 6.
3
Suppose r = -d + 11, -5*r = 84*d - 80*d - 41. What is the greatest common divisor of 245 and d?
7
Let m(b) = b**2 - 17*b + 190. Let g be m(26). Let o be 38/6 - 8/((-192)/40). Calculate the greatest common factor of g and o.
8
Suppose -287*n + 133 + 418 = -23. What is the highest common factor of 3566 and n?
2
Let r be 1/4 - (-381)/12. Suppose -r = -39*j + 38*j. What is the greatest common divisor of j and 24?
8
Let t be 15 + 0 + 2 + 2. Suppose 2*x - 61 = -t. Suppose 0 = 3*j - 30 - x. What is the greatest common factor of 68 and j?
17
Let i be -15*(-42)/36*8/(-10). Let j = i + 0. Let b be (36/j)/((-21)/196). Calculate the greatest common factor of b and 18.
6
Let m be -41 + -17 + 61 - (-2 - 30 - -2). Let s = -687 - -1050. Calculate the greatest common factor of m and s.
33
Suppose 5*f - 6075 = -5*u, u = 5*f - 0*f - 6075. Suppose z = 5*c + 5, -90 = -5*z - 2*c - 11. What is the greatest common divisor of f and z?
15
Let c be (0 + 3 - 2)*3. Suppose -6*z + 4*z + 5*q = -475, -3*z + 2*q + 718 = 0. Suppose -2*g - 3*g = -z. Calculate the highest common factor of c and g.
3
Let w be (-1)/(1/(-4)) - (-5 - -5). Suppose -w*t + t = -414. What is the highest common divisor of t and 12?
6
Let w be 22 + (17/5 - 16/40). Suppose i + 3*n - w = 0, 5*i - 5*n - 25 + 0 = 0. Calculate the highest common factor of i and 90.
10
Let x be 5/((-15)/(-27)) + (-2)/(-2). Suppose 5*l + x + 5 = 0, -l = 4*t - 57. What is the greatest common divisor of t and 24?
3
Let b be 2095/50 + (-4)/(-40). Calculate the highest common divisor of 6846 and b.
42
Let l be (-4)/10 + 574/10. Suppose 0 = 3*z - 6*z + 207. Let b = z - l. Calculate the greatest common divisor of 132 and b.
12
Suppose -2*c + 5*y - 257 + 42 = 0, 0 = -2*c - 5*y - 245. Let a be ((-8)/10)/(46/c). Suppose a*u = -5*u + 539. What is the greatest common divisor of u and 7?
7
Let n be (-3*(-872)/24)/(2/4). Suppose 0*w + 2*w = n. Suppose -4*o + w = -r + 2*r, -3 = -3*r. What is the greatest common divisor of 9 and o?
9
Suppose -1068*u = -1072*u + 196. Let p = 127 - u. Calculate the greatest common factor of 130 and p.
26
Let x(r) = 6*r**2 - 108*r + 120. Let i be x(17). Calculate the highest common factor of i and 4986.
18
Suppose -4*u + 16 = 0, -32 = -2*j - 4*u - 6. Suppose -j*r + 6*r + 19 = 0. Let x = 2 - r. Calculate the highest common factor of x and 14.
7
Suppose -14*p + 3876 = -268. Calculate the highest common factor of p and 1998.
74
Let d(t) = -3*t - 41. Suppose 58 - 49 = 3*h. Let w be 28/h*(-15)/10. Let z be d(w). Calculate the greatest common divisor of z and 1.
1
Suppose 1635*s = 1708*s - 64240. What is the greatest common divisor of s and 30?
10
Suppose -168*l + 1428 = -49*l. Calculate the greatest common divisor of l and 1788.
12
Let o(h) = -h**3 - 10*h**2 - 39*h - 405. Let f be o(-11). Calculate the highest common divisor of f and 7975.
145
Let m(w) = 2*w + 6. Let r be m(-4). Let c be 2 - (-1)/(r/(-48)). Let u(k) = 173*k + 1224. Let b be u(-7). What is the highest common factor of b and c?
13
Let r(y) = -152*y**3 - 4*y**2 - 5*y - 5. Let b be r(-1). Calculate the greatest common divisor of b and 7.
1
Let u(z) = -15 + 25 + 11 - z. Let s be u(-27). Suppose 0 = -9*a + 13*a - s. What is the highest common factor of 204 and a?
12
Suppose 38 = -4*t - 4*j + 150, -3*t - 5*j = -80. Let z be 4/((-200)/t) + (-56)/(-10). What is the highest common divisor of z and 95?
5
Suppose -i = -0*i - 2525 + 956. Calculate the greatest common divisor of i and 9.
3
Let a be (-19 - -30) + (-4 - -1). Suppose 62 = a*v - 18. What is the greatest common divisor of 2 and v?
2
Let x be 30/45 + (-4)/(-3). Suppose -1 - 11 = -l + x*p, -3*l - 5*p = 8. Let o be (9/(-18))/(2/l) + 10. What is the highest common factor of 45 and o?
9
Let d = -70 - -115. Suppose 4*n + 2*i - 4*i = 1928, 0 = -5*n + 2*i + 2410. Let r = n - 477. Calculate the highest common factor of r and d.
5
Let b be (5 + (-6)/12*6)/((-2)/(-306)). Calculate the highest common divisor of 3519 and b.
153
Let z be 24597/(-108) - (-2)/(-8). Let j = 503 + z. What is the greatest common factor of j and 50?
25
Let r be 12*(-1998)/144*-86. What is the greatest common divisor of r and 18?
9
Let m be 4 + (-150)/39 - (-308286)/143. Calculate the greatest common divisor of m and 3332.
196
Let s(r) = 22*r**2 - 2*r - 3. Let d be s(3). Let b be (147/(-777))/(169/(-18759)). What is the highest common divisor of d and b?
21
Suppose -4*x - 18 - 48 = -k, 4*k + 3*x - 150 = 0. Let d(p) = 2*p + 4. Let f be d(4). What is the greatest common divisor of f and k?
6
Let r be (-186 - 44)*-1*1/(-3)*-3. What is the highest common divisor of 40 and r?
10
Suppose -11*b + 0 + 0 = 0. Suppose -2*q + b*q - 60 = l, -5*l = 3*q + 104. Let a = 96 + q. Calculate the highest common divisor of 170 and a.
34
Let c = 74 - 114. Let q(u) = -u**2 + 4*u - 16. Let a be q(10). Let g be ((-30)/c)/((-3)/a). What is the highest common divisor of g and 38?
19
Suppose 0 = d - 5*p - 131, 955*p = 2*d + 954*p - 244. Let a = -25 + 36. What is the greatest common divisor of d and a?
11
Let f = 304 + -136. Let g = f - 120. Suppose -48*h + 52*h = g. What is the greatest common divisor of h and 48?
12
Suppose 28 = 2*h + 4*m + m, 52 = 2*h - m. Suppose -9*x + 258 = h. What is the highest common factor of 130 and x?
26
Let i(h) = 2*h + 4 - 3*h**2 + 49*h**3 - 6*h**3 - 26*h**3. Let d be i(2). Let r = d + -27. What is the highest common divisor of 15 and r?
15
Let k be -2 - (3 - 0 - 203). Suppose 680 - 144 = 8*z. Suppose 43 = 5*o - z. What is the greatest common factor of o and k?
22
Let o(h) = -h**3 + h**2 - 2*h + 8. Let t be o(0). Suppose -s + 2 + t = 0. Suppose 648 = s*u - u. Calculate the highest common factor of u and 12.
12
Let v be ((-1)/3 - 0) + 171615/765. Let n be -1 + 3 - (-56 + -6). Calculate the highest common factor of v and n.
32
Let f = 2798 - 2792. Suppose -20 = -4*u, 0 = -p - u + 9 + 18. What is the highest common factor of f and p?
2
Let r(o) = -18*o + 415. Let n be r(22). Let w be ((-12502)/28)/((-2)/4). Calculate the highest common divisor of n and w.
19
Let d(n) = -58*n**3 + 7*n**2 + 14*n + 9. Let l be d(-1). What is the highest common factor of l and 2208?
12
Let b = 1483 + -1423. Let c(m) = 2*m**3 + 4*m**2 - m - 3. Let t be c(-3). Let j = -3 - t. Calculate the greatest common divisor of b and j.
15
Let c = -8327 + 16978. What is the highest common divisor of c and 41?
41
Let t be (-26 - -24)*(-2 - 62/(-4)). Suppose -4*f = -5*f + 36. Let r be (f/t)/(1/(-303)) - -1. What is the highest common divisor of 45 and r?
45
Let i = -1238 - -1850. Let v = i + -300. Calculate the highest common factor of 39 and v.
39
Suppose 400 = 2*v - 6*v + 472. Calculate the greatest common divisor of 162 and v.
18
Let j = 311 - 320. Let y be -2 - (4 + j) - -272. What is the greatest common divisor of y and 22?
11
Let r be -5*(-3 - 321/(-15)). Let j be (6 - (-81)/(-18))*r/(-6). Calculate the greatest common factor of j and 943.
23
Let g(p) = p**3 + 8*p**2 - 9*p + 18. Let z be 0 - 7 - (-16 - -15). Let k b